{"id":767,"date":"2014-08-26T19:02:10","date_gmt":"2014-08-26T17:02:10","guid":{"rendered":"http:\/\/wp1.plusundplus.ch\/?page_id=767"},"modified":"2026-03-16T11:46:59","modified_gmt":"2026-03-16T10:46:59","slug":"whiskyclub","status":"publish","type":"page","link":"https:\/\/urshauri.ch\/la-table-bern\/whiskyclub\/","title":{"rendered":"Whiskyclub"},"content":{"rendered":"<div class=\"soliloquy-outer-container\" data-soliloquy-loaded=\"0\"><div aria-live=\"polite\" id=\"soliloquy-container-72_1\" class=\"soliloquy-container soliloquy-transition-fade soliloquy-fade soliloquy-controls-active soliloquy-arrows-active  soliloquy-theme-classic no-js\" style=\"max-width:960px;margin:0 auto 20px;\"><ul id=\"soliloquy-72_1\" class=\"soliloquy-slider soliloquy-slides soliloquy-wrap soliloquy-clear\"><li aria-hidden=\"true\" class=\"soliloquy-item soliloquy-item-1 soliloquy-id-1518 soliloquy-image-slide\" draggable=\"false\" style=\"list-style:none;\"><img decoding=\"async\" id=\"soliloquy-image-1518\" class=\"soliloquy-image soliloquy-image-1\" src=\"https:\/\/urshauri.ch\/wordpress\/wp-content\/uploads\/2014\/05\/urs_hauri_bern_22-960x300_c.jpg\" alt=\"urs_hauri_bern_22\" data-soliloquy-src-mobile=\"https:\/\/urshauri.ch\/wordpress\/wp-content\/uploads\/2014\/05\/urs_hauri_bern_22-600x200_c.jpg\" loading=\"lazy\" \/><\/li><li aria-hidden=\"true\" class=\"soliloquy-item soliloquy-item-2 soliloquy-id-73 soliloquy-image-slide\" draggable=\"false\" style=\"list-style:none;\"><img decoding=\"async\" id=\"soliloquy-image-73\" class=\"soliloquy-image soliloquy-image-2 soliloquy-preload\" src=\"https:\/\/urshauri.ch\/wordpress\/wp-content\/plugins\/soliloquy\/assets\/css\/images\/holder.gif\" data-soliloquy-src=\"https:\/\/urshauri.ch\/wordpress\/wp-content\/uploads\/2014\/05\/2014-03-25-21.22.041-960x300_c.png\" alt=\"2014-03-25 21.22.04\" data-soliloquy-src-mobile=\"https:\/\/urshauri.ch\/wordpress\/wp-content\/uploads\/2014\/05\/2014-03-25-21.22.041-600x200_c.png\" loading=\"lazy\" \/><\/li><li aria-hidden=\"true\" class=\"soliloquy-item soliloquy-item-3 soliloquy-id-101 soliloquy-image-slide\" draggable=\"false\" style=\"list-style:none;\"><img decoding=\"async\" id=\"soliloquy-image-101\" class=\"soliloquy-image soliloquy-image-3 soliloquy-preload\" src=\"https:\/\/urshauri.ch\/wordpress\/wp-content\/plugins\/soliloquy\/assets\/css\/images\/holder.gif\" data-soliloquy-src=\"https:\/\/urshauri.ch\/wordpress\/wp-content\/uploads\/2014\/05\/springbank-f\u00e4sser-det-960x300_c.jpg\" alt=\"springbank f\u00e4sser det\" data-soliloquy-src-mobile=\"https:\/\/urshauri.ch\/wordpress\/wp-content\/uploads\/2014\/05\/springbank-f\u00e4sser-det-600x200_c.jpg\" loading=\"lazy\" \/><\/li><li aria-hidden=\"true\" class=\"soliloquy-item soliloquy-item-4 soliloquy-id-74 soliloquy-image-slide\" draggable=\"false\" style=\"list-style:none;\"><img decoding=\"async\" id=\"soliloquy-image-74\" class=\"soliloquy-image soliloquy-image-4 soliloquy-preload\" src=\"https:\/\/urshauri.ch\/wordpress\/wp-content\/plugins\/soliloquy\/assets\/css\/images\/holder.gif\" data-soliloquy-src=\"https:\/\/urshauri.ch\/wordpress\/wp-content\/uploads\/2014\/05\/2014-03-25-21.54.43-960x300_c.png\" alt=\"2014-03-25 21.54.43\" data-soliloquy-src-mobile=\"https:\/\/urshauri.ch\/wordpress\/wp-content\/uploads\/2014\/05\/2014-03-25-21.54.43-600x200_c.png\" loading=\"lazy\" \/><\/li><li aria-hidden=\"true\" class=\"soliloquy-item soliloquy-item-5 soliloquy-id-1516 soliloquy-image-slide\" draggable=\"false\" style=\"list-style:none;\"><img decoding=\"async\" id=\"soliloquy-image-1516\" class=\"soliloquy-image soliloquy-image-5 soliloquy-preload\" src=\"https:\/\/urshauri.ch\/wordpress\/wp-content\/plugins\/soliloquy\/assets\/css\/images\/holder.gif\" data-soliloquy-src=\"https:\/\/urshauri.ch\/wordpress\/wp-content\/uploads\/2014\/05\/urs_hauri_bern_15-960x300_c.jpg\" alt=\"urs_hauri_bern_15\" data-soliloquy-src-mobile=\"https:\/\/urshauri.ch\/wordpress\/wp-content\/uploads\/2014\/05\/urs_hauri_bern_15-600x200_c.jpg\" loading=\"lazy\" \/><\/li><li aria-hidden=\"true\" class=\"soliloquy-item soliloquy-item-6 soliloquy-id-102 soliloquy-image-slide\" draggable=\"false\" style=\"list-style:none;\"><img decoding=\"async\" id=\"soliloquy-image-102\" class=\"soliloquy-image soliloquy-image-6 soliloquy-preload\" src=\"https:\/\/urshauri.ch\/wordpress\/wp-content\/plugins\/soliloquy\/assets\/css\/images\/holder.gif\" data-soliloquy-src=\"https:\/\/urshauri.ch\/wordpress\/wp-content\/uploads\/2014\/05\/springbank-spirt-still-960x300_c.jpg\" alt=\"springbank spirt still\" data-soliloquy-src-mobile=\"https:\/\/urshauri.ch\/wordpress\/wp-content\/uploads\/2014\/05\/springbank-spirt-still-600x200_c.jpg\" loading=\"lazy\" \/><\/li><li aria-hidden=\"true\" class=\"soliloquy-item soliloquy-item-7 soliloquy-id-75 soliloquy-image-slide\" draggable=\"false\" style=\"list-style:none;\"><img decoding=\"async\" id=\"soliloquy-image-75\" class=\"soliloquy-image soliloquy-image-7 soliloquy-preload\" src=\"https:\/\/urshauri.ch\/wordpress\/wp-content\/plugins\/soliloquy\/assets\/css\/images\/holder.gif\" data-soliloquy-src=\"https:\/\/urshauri.ch\/wordpress\/wp-content\/uploads\/2014\/05\/captured_by_snapseed_2_1-960x300_c.jpg\" alt=\"captured_by_snapseed_2_1\" data-soliloquy-src-mobile=\"https:\/\/urshauri.ch\/wordpress\/wp-content\/uploads\/2014\/05\/captured_by_snapseed_2_1-600x200_c.jpg\" loading=\"lazy\" \/><\/li><li aria-hidden=\"true\" class=\"soliloquy-item soliloquy-item-8 soliloquy-id-1517 soliloquy-image-slide\" draggable=\"false\" style=\"list-style:none;\"><img decoding=\"async\" id=\"soliloquy-image-1517\" class=\"soliloquy-image soliloquy-image-8 soliloquy-preload\" src=\"https:\/\/urshauri.ch\/wordpress\/wp-content\/plugins\/soliloquy\/assets\/css\/images\/holder.gif\" data-soliloquy-src=\"https:\/\/urshauri.ch\/wordpress\/wp-content\/uploads\/2014\/05\/urs_hauri_bern_20-960x300_c.jpg\" alt=\"urs_hauri_bern_20\" data-soliloquy-src-mobile=\"https:\/\/urshauri.ch\/wordpress\/wp-content\/uploads\/2014\/05\/urs_hauri_bern_20-600x200_c.jpg\" loading=\"lazy\" \/><\/li><li aria-hidden=\"true\" class=\"soliloquy-item soliloquy-item-9 soliloquy-id-2449 soliloquy-image-slide\" draggable=\"false\" style=\"list-style:none;\"><img decoding=\"async\" id=\"soliloquy-image-2449\" class=\"soliloquy-image soliloquy-image-9 soliloquy-preload\" src=\"https:\/\/urshauri.ch\/wordpress\/wp-content\/plugins\/soliloquy\/assets\/css\/images\/holder.gif\" data-soliloquy-src=\"https:\/\/urshauri.ch\/wordpress\/wp-content\/uploads\/2014\/05\/Twcc-fass-6-1-von-1-960x300_c.jpg\" alt=\"Twcc fass 6 (1 von 1)\" data-soliloquy-src-mobile=\"https:\/\/urshauri.ch\/wordpress\/wp-content\/uploads\/2014\/05\/Twcc-fass-6-1-von-1-600x200_c.jpg\" loading=\"lazy\" \/><\/li><li aria-hidden=\"true\" class=\"soliloquy-item soliloquy-item-10 soliloquy-id-2450 soliloquy-image-slide\" draggable=\"false\" style=\"list-style:none;\"><img decoding=\"async\" id=\"soliloquy-image-2450\" class=\"soliloquy-image soliloquy-image-10 soliloquy-preload\" src=\"https:\/\/urshauri.ch\/wordpress\/wp-content\/plugins\/soliloquy\/assets\/css\/images\/holder.gif\" data-soliloquy-src=\"https:\/\/urshauri.ch\/wordpress\/wp-content\/uploads\/2014\/05\/Twcc-fass-8-1-von-1-960x300_c.jpg\" alt=\"Twcc fass 8 (1 von 1)\" data-soliloquy-src-mobile=\"https:\/\/urshauri.ch\/wordpress\/wp-content\/uploads\/2014\/05\/Twcc-fass-8-1-von-1-600x200_c.jpg\" loading=\"lazy\" \/><\/li><\/ul><\/div><noscript><div class=\"soliloquy-no-js\" style=\"display:none;visibility:hidden;height:0;line-height:0;opacity:0;\"><img decoding=\"async\" class=\"soliloquy-image soliloquy-no-js-image skip-lazy\" src=\"https:\/\/urshauri.ch\/wordpress\/wp-content\/uploads\/2014\/05\/urs_hauri_bern_22.jpg\" alt=\"urs_hauri_bern_22\" \/><img decoding=\"async\" class=\"soliloquy-image soliloquy-no-js-image skip-lazy\" src=\"https:\/\/urshauri.ch\/wordpress\/wp-content\/uploads\/2014\/05\/2014-03-25-21.22.041.png\" alt=\"2014-03-25 21.22.04\" \/><img decoding=\"async\" class=\"soliloquy-image soliloquy-no-js-image skip-lazy\" src=\"https:\/\/urshauri.ch\/wordpress\/wp-content\/uploads\/2014\/05\/springbank-f\u00e4sser-det.jpg\" alt=\"springbank f\u00e4sser det\" \/><img decoding=\"async\" class=\"soliloquy-image soliloquy-no-js-image skip-lazy\" src=\"https:\/\/urshauri.ch\/wordpress\/wp-content\/uploads\/2014\/05\/2014-03-25-21.54.43.png\" alt=\"2014-03-25 21.54.43\" \/><img decoding=\"async\" class=\"soliloquy-image soliloquy-no-js-image skip-lazy\" src=\"https:\/\/urshauri.ch\/wordpress\/wp-content\/uploads\/2014\/05\/urs_hauri_bern_15.jpg\" alt=\"urs_hauri_bern_15\" \/><img decoding=\"async\" class=\"soliloquy-image soliloquy-no-js-image skip-lazy\" src=\"https:\/\/urshauri.ch\/wordpress\/wp-content\/uploads\/2014\/05\/springbank-spirt-still.jpg\" alt=\"springbank spirt still\" \/><img decoding=\"async\" class=\"soliloquy-image soliloquy-no-js-image skip-lazy\" src=\"https:\/\/urshauri.ch\/wordpress\/wp-content\/uploads\/2014\/05\/captured_by_snapseed_2_1.jpg\" alt=\"captured_by_snapseed_2_1\" \/><img decoding=\"async\" class=\"soliloquy-image soliloquy-no-js-image skip-lazy\" src=\"https:\/\/urshauri.ch\/wordpress\/wp-content\/uploads\/2014\/05\/urs_hauri_bern_20.jpg\" alt=\"urs_hauri_bern_20\" \/><img decoding=\"async\" class=\"soliloquy-image soliloquy-no-js-image skip-lazy\" src=\"https:\/\/urshauri.ch\/wordpress\/wp-content\/uploads\/2014\/05\/Twcc-fass-6-1-von-1.jpg\" alt=\"Twcc fass 6 (1 von 1)\" \/><img decoding=\"async\" class=\"soliloquy-image soliloquy-no-js-image skip-lazy\" src=\"https:\/\/urshauri.ch\/wordpress\/wp-content\/uploads\/2014\/05\/Twcc-fass-8-1-von-1.jpg\" alt=\"Twcc fass 8 (1 von 1)\" \/><\/div><\/noscript><\/div>\n\n\t\t<div class='et-simple-slider et_sliderfx_fade et_sliderauto_false et_sliderauto_speed_5000 et_slidertype_simple'>\n\t\t\t<div class='et-simple-slides'>\n\t\t\t\t<div class='et-tabs-content-wrapper'>\n\t\t\t\t\t<div class='et_slidecontent'>\n\t\t\t<h2><strong>Art &amp; Whiskyclub Bern<\/strong><\/h2>\n<p>Liebe(r) Freund(innen) des Single Malt Whisky<\/p>\n<p>Der Art &amp; Whisky Club Bern besteht aus max. 50 Members die einen j\u00e4hrlichen Beitrag von CHF 180.&#8211; an die entstehenden Unkosten wie Lokalmiete, Gl\u00e4ser, Reinigung etc. leistet. Daf\u00fcr werden Verg\u00fcnstigungen auf Events, Tastings und beim Kauf von Whisky Rarit\u00e4ten gew\u00e4hrt.<\/p>\n<p>Selbstverst\u00e4ndlich k\u00f6nnen an die Veranstaltungen auch NICHT-Member eingeladen werden. Sie werden daf\u00fcr einen kleinen Aufpreis leisten.<\/p>\n<p>Interessenten melden sich unter 031 311 14 13 oder <a href=\"mailto:info@urshauri.ch\">info@urshauri.ch<\/a><\/p>\n\t\t<\/div>\n\t\t\t\t<\/div>\n\t\t\t<\/div>\n\t\t<\/div> <!-- .et-simple-slider -->\n\t\t\n\n\t\t\t<div class='tabs-left et_sliderfx_fade et_sliderauto_false et_sliderauto_speed_5000 et_slidertype_left_tabs clearfix'>\n\t\t\t\t<div class='et_left_tabs_bg'><\/div>\n\t\t\t\t<ul class='et-tabs-control'>\n\t\t\t<li><a href='#'>\n\t\t\t2026\n\t\t<\/a><\/li>\n\t\t<\/ul> <!-- .et-tabs-control --> \n\t\t<div class='et-tabs-content'>\n\t\t\t<div class='et-tabs-content-main-wrap'>\n\t\t\t\t<div class='et-tabs-content-wrapper'>\n\t\t\t\t\t<div class='et_slidecontent'>\n\t\t\t<h3><strong>Club &#8211; Events 2026:<\/strong><\/h3>\n<p><a href=\"https:\/\/urshauri.ch\/wordpress\/wp-content\/uploads\/2026\/03\/Brief_Events_2026.pdf\">Club Events 2026<\/a><\/p>\n\t\t<\/div>\n\t\t\t\t<\/div>\n\t\t\t<\/div>\n\t\t<\/div>\n\t\t\t<\/div> <!-- .tabs-left -->\n","protected":false},"excerpt":{"rendered":"","protected":false},"author":1,"featured_media":0,"parent":0,"menu_order":0,"comment_status":"closed","ping_status":"open","template":"template-page-projects.php","meta":{"footnotes":""},"class_list":["post-767","page","type-page","status-publish","hentry"],"_links":{"self":[{"href":"https:\/\/urshauri.ch\/la-table-bern\/wp-json\/wp\/v2\/pages\/767","targetHints":{"allow":["GET"]}}],"collection":[{"href":"https:\/\/urshauri.ch\/la-table-bern\/wp-json\/wp\/v2\/pages"}],"about":[{"href":"https:\/\/urshauri.ch\/la-table-bern\/wp-json\/wp\/v2\/types\/page"}],"author":[{"embeddable":true,"href":"https:\/\/urshauri.ch\/la-table-bern\/wp-json\/wp\/v2\/users\/1"}],"replies":[{"embeddable":true,"href":"https:\/\/urshauri.ch\/la-table-bern\/wp-json\/wp\/v2\/comments?post=767"}],"version-history":[{"count":85,"href":"https:\/\/urshauri.ch\/la-table-bern\/wp-json\/wp\/v2\/pages\/767\/revisions"}],"predecessor-version":[{"id":3329,"href":"https:\/\/urshauri.ch\/la-table-bern\/wp-json\/wp\/v2\/pages\/767\/revisions\/3329"}],"wp:attachment":[{"href":"https:\/\/urshauri.ch\/la-table-bern\/wp-json\/wp\/v2\/media?parent=767"}],"curies":[{"name":"wp","href":"https:\/\/api.w.org\/{rel}","templated":true}]}}